 + (-11421)/a - 3 a composite number?
True
Suppose 3*l = -l + 240. Let q be (-239)/(5/(0 - l)). Suppose 6*f + q = 10*f. Is f a prime number?
False
Is (-12 - -13)/((-17)/(-6725863)) prime?
False
Suppose 25011 = c - k, c + 33*k = 29*k + 25021. Is c composite?
False
Let j(d) = -d**2 - 40*d - 81. Let f be j(-38). Is (-82)/205 + (-103607)/f a composite number?
True
Is (((-7180240)/50)/(-4))/((-10)/(-25)) composite?
False
Let r(b) be the second derivative of -b**4/12 - 25*b**3/6 + 47*b**2/2 + 76*b. Let u(d) = -5*d + 3. Let f be u(4). Is r(f) composite?
True
Let k = -4645 - -11004. Let s = -3922 + k. Is s composite?
False
Let b be 4/(-14) - (-50670)/(-35). Suppose 17*o = -104 - 13258. Let s = o - b. Is s composite?
True
Let h(f) = -49*f - 127. Suppose 0 = 4*a - 108 + 188. Is h(a) a composite number?
False
Suppose r - 4 = 5*r. Let g(s) be the second derivative of 167*s**4/4 - s**2 + 1539*s. Is g(r) a composite number?
False
Suppose -179 = 27*m - 557. Suppose -2*p + 6051 = 3*z, 13*z - m*z + 2*p + 2017 = 0. Is z a composite number?
False
Let u(q) = 822*q**3 - 12*q**2 - 20*q + 35. Is u(5) a composite number?
True
Let w(v) = v**2 - 12*v + 2721. Suppose 7 = -b + 5*y - 3, -5*y + 10 = -4*b. Is w(b) composite?
True
Let m = -138295 - -289806. Is m composite?
True
Let h = -27 - -30. Suppose -x = 4*r - 632, 5 = h*x + 17. Is r composite?
True
Let g = -1689 + 2441. Suppose 5*j - g = -3*s - 0*s, -3*j + 503 = 2*s. Is s a prime number?
False
Suppose 10*x + 2*x = 3756. Suppose 2*s - 2143 = -4*y - x, -4*y - 2705 = -3*s. Is s a composite number?
False
Suppose -910514 + 2766797 = 39*j. Is j prime?
False
Suppose 0 = -c - 5*u + 482 + 928, 0 = 5*u. Let j(b) = 774*b + 9. Let x be j(3). Let v = x - c. Is v prime?
False
Let v(a) = 3*a + 6*a - 23*a + 7*a + 5 + 1172*a**2. Is v(2) a prime number?
True
Suppose 5*x - 1322990 = -5*f, 4*f - 894496 = -3*x + 163891. Is f a prime number?
False
Suppose 21*n + 255203 = 34*n. Suppose 2*h + 583 - 10401 = -4*u, 4*h = -3*u + n. Is h composite?
True
Let i(a) = 40*a**2 - 7*a - 72. Is i(-7) a composite number?
True
Let h be (-3 - (0 - (-63)/3))*-1. Suppose -b + 2*l - 7*l + h = 0, -2*b = -3*l + 4. Is 2/b*1226 + 1 a composite number?
True
Let k(d) = -2*d - 6. Let w be k(-3). Suppose 3*o - 4*s - 1677 = 0, w = -2*s + 5*s - 9. Suppose 464 + o = q. Is q prime?
False
Let n(v) = 2*v**3 - 23*v**2 - 35*v + 44. Let y be n(25). Suppose 4*h = -10*h + y. Let a = -239 + h. Is a composite?
False
Let b(y) be the third derivative of 127*y**5/20 - y**4/12 + 7*y**3/6 - 44*y**2. Is b(-2) composite?
True
Suppose -5*j + 3602 = p, 3*j - 11559 = -2*p - 4362. Let z = -1666 + p. Is z a prime number?
True
Let m(i) = 5*i**3 + 4*i**2 - 4*i + 3. Let g = 11 - 8. Let x be m(g). Is (-27)/(-36) - x/(-8) prime?
False
Suppose 0 = -7*z + 7 + 14. Suppose -697 - 65 = -z*t. Is t a composite number?
True
Let q(f) = -10*f**2 - 40*f + 37. Let z be q(12). Let c = z - -3244. Is c a prime number?
True
Suppose -2*q - z = -403, 692 + 118 = 4*q - 2*z. Let l(k) = k**3 - 2*k**2 + 5*k + 3. Let h be l(-4). Let y = q + h. Is y a composite number?
False
Let x(n) = n + 3*n - n + 0*n. Let u be x(3). Suppose 4669 = -2*g + u*g. Is g a prime number?
False
Let o = 9591 + -1148. Is o composite?
False
Let l(h) = 72*h**3 + 4*h**2 - 3*h + 1. Let i(x) = x**2 - 7*x + 11. Let z be i(4). Let u(m) = m**2 - 4*m - 3. Let f be u(z). Is l(f) a composite number?
False
Let x(o) = o**3 + 12*o**2 + 11*o + 10. Let y be x(-9). Let l = -430 + 1350. Suppose 6*q = y + l. Is q composite?
False
Let q = 2075580 - 567093. Is q prime?
False
Let z(o) = 7757*o**2 - 13*o + 1. Is z(-2) a prime number?
False
Let n(u) be the third derivative of 433*u**5/60 - 7*u**4/24 + 5*u**3/6 - 2*u**2. Suppose w = -w + 3*z + 26, 3*w + 18 = -5*z. Is n(w) prime?
False
Let p(r) = 2593*r**2 + 60*r + 796. Is p(-13) composite?
False
Suppose -7*w = 4*w - 4*w + 1078. Let m be 354 + 1/(-2)*-2. Let p = m + w. Is p a prime number?
False
Is 56/(-168) + (-2630132)/(-6) a prime number?
False
Let q = 104 + -16. Let s = 90 - q. Suppose -3*b + 2*o = 6*o - 6043, 2*b - 4030 = -s*o. Is b prime?
True
Suppose l - 2*j = 16231, 281*l - 282*l + 3*j = -16228. Is l a prime number?
False
Let t = -164978 - -292759. Is t a prime number?
True
Suppose -z + 28890 = 5*q + 4*z, q - 2*z - 5784 = 0. Suppose 3*t + 8670 = -m - 4*m, -2*t - m = q. Let g = 4433 + t. Is g composite?
False
Suppose 2*o - 4*y + 456 = 0, -2*y - 8 = -6. Let s be o*2*1/(-4). Suppose s*z - 112*z = 1137. Is z composite?
False
Let p(s) = -s**3 - 13*s**2 - 26*s + 8*s + 2*s**3 - 12 + 5*s. Let n be p(14). Suppose 5*i - 881 = -3*x, -2*x + 4*i - n = -560. Is x composite?
True
Let h = 4298 - 2190. Is (-2)/(-1 + 5) + h/8 prime?
True
Suppose 0 = 41*z - 40*z + m - 38498, -3*z + 115484 = 5*m. Is z a composite number?
True
Let b(o) = -o**3 - 6*o**2 - 4*o + 13. Suppose -4*r + 15 = 35. Let n be b(r). Is (-26560)/(-14) - n/56 a prime number?
False
Suppose 127*a - 4030349 = 9903710. Is a prime?
True
Suppose -3 = 20*u - 3. Suppose u = -7*j + 714 + 61733. Is j composite?
True
Let y be 12/4*1/(9/21414). Suppose -2*h - 3*i - y = -3*h, 2*i = -5*h + 35775. Is h a prime number?
False
Suppose 5*b - 25 = -z, z = -3*z + 5*b + 25. Is -1*(z - 9)*-4327 prime?
True
Let g = -5747 + -1051. Let y = 10591 + g. Is y composite?
False
Let a be (12/(-15))/(-2) - (-28)/(-20). Let n = 8 + a. Suppose n*b = -0*b + 2653. Is b prime?
True
Suppose 2845804 = -4*a + 6*a + 338562. Is a a prime number?
True
Suppose 5*z = 3*j - 152, -j + 53 = 3*z - 21. Let k = j - 54. Let q(c) = 4*c**2 + 10*c - 4. Is q(k) composite?
True
Let t(b) = 4*b**2 + 6*b - 265. Let m(w) = -5*w**2 - 7*w + 266. Let z(n) = -3*m(n) - 4*t(n). Let a be 2 - ((4 - -4) + -4)/2. Is z(a) a composite number?
True
Let t be 5/(15/(-6)) + -5 + 11. Suppose 33140 = -t*k + 24*k. Is k a composite number?
False
Suppose -5*n + 8*n + 4*d = 48375, -d = 3*n - 48384. Is n composite?
True
Suppose 77*g + 6376 = 85*g. Let s = g + -298. Is s prime?
True
Suppose -4*h - 4*g + 64 = 0, 8*h + g - 84 = 3*h. Suppose h*t = -45*t + 262942. Is t prime?
True
Let y = 16108 + 4339. Suppose -14*q = -21*q + y. Is q composite?
True
Let y = -1057244 - -3810027. Is y a composite number?
True
Let r(c) = -1089*c**3 + 3*c**2 - 3*c - 176. Is r(-5) prime?
False
Let w = -25726 - -51303. Is w prime?
True
Is 51572*2 - (12 - (-180)/(-20)) a composite number?
False
Suppose -15*k + 16 = -59. Let x be (0/(-5))/k - -8433. Suppose x = 41*o - 38*o. Is o a composite number?
True
Suppose -10*h = -332261 - 148469. Is h a prime number?
True
Suppose 3*m - 44507 = -2*h, 6*h + m = 10*h - 89021. Suppose 14655 = 3*y + 4*j, 0 = -5*y - 2*j + 2184 + h. Is y composite?
False
Is 59197/((20/(-24) - (-2)/(-12))*-1) composite?
False
Suppose 4*p + 3*q = 89136, -12*p + 11*p = 5*q - 22267. Suppose -9*j + 75786 = -p. Is j prime?
False
Let n(a) = -a**2 - 27*a - 107. Let k be n(-22). Suppose 2*p = k*p - l - 467, 0 = -3*p + l + 1401. Is p a prime number?
True
Let t be 3/(-2)*4/(-3). Suppose -3*k + 3*q = -6, 334*k = 331*k - 5*q + 54. Suppose k*p - 4038 = t*p. Is p composite?
False
Let y be 165/22*4/3. Suppose -7*x = -y*x. Suppose 3*i - 2*i - 149 = x. Is i a composite number?
False
Let w(y) = 89*y**2 - y. Let p(f) = -3*f + 2. Let r be p(1). Let t be w(r). Suppose -a + 68 = -t. Is a prime?
False
Suppose 0 = -2*y + 23630 - 8104. Let l = -3574 + y. Is l composite?
True
Suppose -3019 = 11*b - 200612. Suppose -b = -3*v - 8*t + 6*t, 0 = -5*v + 4*t + 29931. Is v a prime number?
True
Let a(f) = 59*f**2 - 5*f + 5. Let l be a(-5). Let h = l + -838. Is h a prime number?
False
Is 9/(216/30588)*(4 + 210) composite?
True
Let n = 380909 - 24170. Is n composite?
True
Let b be (-2)/(-19) + 1387524/76. Let n = 25764 - b. Is n composite?
False
Suppose 58 + 32 = 9*p. Is (-2)/6 + ((-16720)/(-3))/p prime?
True
Let i = 10847 + -5310. Suppose -4*m - h = -33145, -4*h = 2*m + i - 22099. Is m a composite number?
False
Let n(b) = 8*b - 6*b - 3 + 4*b**2 + 2*b. Let u be n(-6). Suppose 0 = 10*j + u - 8627. Is j a composite number?
True
Let t(h) = 219*h**3 + 35*h**2 + 18*h + 39. Is t(10) composite?
True
Let g be 3*2/8*12/3. Is (-18)/g + 11 + 1572 composite?
True
Suppose -4*j = -12848 - 8116. Suppose 2053 = 14*n - j. Is n composite?
False
Let x be 6 + -1*(-4 - -2). Suppose -3*g + x = g, -2*r + 2*g = -306. Is